{"id":918,"date":"2020-03-05T03:34:53","date_gmt":"2020-03-05T03:34:53","guid":{"rendered":"http:\/\/huet.hueuni.edu.vn\/?page_id=918"},"modified":"2026-03-10T04:51:03","modified_gmt":"2026-03-10T04:51:03","slug":"co-cau-to-chuc","status":"publish","type":"page","link":"https:\/\/huet.hueuni.edu.vn\/index.php\/co-cau-to-chuc\/","title":{"rendered":"\u0110\u1ed9i ng\u0169 HUET"},"content":{"rendered":"\n<div class=\"wp-block-uagb-advanced-heading\" id=\"uagb-adv-heading-1fd7a558-c561-4054-9a2f-aee4195da7f3\"><h4 class=\"uagb-heading-text\"><strong>C\u01a0 C\u1ea4U T\u1ed4 CH\u1ee8C <\/strong><\/h4><div class=\"uagb-separator-wrap\"><div class=\"uagb-separator\"><\/div><\/div><p class=\"uagb-desc-text\"><strong>Khoa K\u1ef9 thu\u1eadt v\u00e0 C\u00f4ng ngh\u1ec7 c\u00f3 c\u01a1 c\u1ea5u t\u1ed5 ch\u1ee9c ph\u00f9 h\u1ee3p v\u1edbi C\u01a1 c\u1ea5u t\u1ed5 ch\u1ee9c c\u1ee7a m\u1ed9t Khoa tr\u1ef1c thu\u1ed9c c\u1ee7a \u0110\u1ea1i h\u1ecdc Hu\u1ebf, g\u1ed3m: <\/strong> <\/p><\/div>\n\n\n\n<div class=\"wp-block-uagb-advanced-heading\" id=\"uagb-adv-heading-d916f8ab-60bb-457d-bcaf-b339114b0ee3\"><h5 class=\"uagb-heading-text\"><strong>Khoa Tr\u01b0\u1edfng Khoa K\u1ef9 thu\u1eadt v\u00e0 C\u00f4ng ngh\u1ec7<\/strong><\/h5><div class=\"uagb-separator-wrap\"><div class=\"uagb-separator\"><\/div><\/div><p class=\"uagb-desc-text\"><strong>PGS.TS. Nguy\u1ec5n Quang L\u1ecbch<br><\/strong>Chuy\u00ean ng\u00e0nh K\u1ef9 thu\u1eadt m\u00f4i tr\u01b0\u1eddng<br>\u0110\u1ea1i h\u1ecdc Nam \u00dac, Australia<\/p><\/div>\n\n\n\n<div class=\"wp-block-uagb-advanced-heading\" id=\"uagb-adv-heading-ba283a85-cfcb-4275-b55f-7990f8fd98f6\"><h5 class=\"uagb-heading-text\"><strong>B\u1ed9 m\u00f4n K\u1ef9 thu\u1eadt v\u00e0 Qu\u1ea3n l\u00fd c\u00f4ng nghi\u1ec7p  <\/strong><\/h5><div class=\"uagb-separator-wrap\"><div class=\"uagb-separator\"><\/div><\/div><p class=\"uagb-desc-text\"><\/p><\/div>\n\n\n\n<p><strong>1. PGS.TS. Nguy\u1ec5n Quang L\u1ecbch<\/strong><\/p>\n\n\n\n<p>Chuy\u00ean ng\u00e0nh K\u1ef9 thu\u1eadt m\u00f4i tr\u01b0\u1eddng <\/p>\n\n\n\n<p> \u0110\u1ea1i h\u1ecdc Nam \u00dac, Australia  <\/p>\n\n\n\n<p><strong>2. PGS.TS. Ng\u00f4 Xu\u00e2n C\u01b0\u1eddng<\/strong><\/p>\n\n\n\n<p>Chuy\u00ean ng\u00e0nh: C\u00e1c h\u1ec7 th\u1ed1ng v\u00e0 t\u1ed5 h\u1ee3p k\u1ef9 thu\u1eadt \u0111i\u1ec7n <\/p>\n\n\n\n<p> \u0110\u1ea1i h\u1ecdc T\u1ed5ng h\u1ee3p Qu\u1ed1c gia Tula, Li\u00ean bang Nga <\/p>\n\n\n\n<p><strong>3. TS. V\u00f5 Quang Nh\u00e3<\/strong><\/p>\n\n\n\n<p>Chuy\u00ean m\u00f4n \u0111\u00e0o t\u1ea1o: V\u1eadt li\u1ec7u b\u00e1n d\u1eabn<\/p>\n\n\n\n<p><strong>4. ThS. Hu\u1ef3nh Th\u1ecb Th\u00f9y Linh<\/strong><\/p>\n\n\n\n<p>Chuy\u00ean m\u00f4n \u0111\u00e0o t\u1ea1o: C\u00f4ng ngh\u1ec7 \u0111i\u1ec7n t\u1eed vi\u1ec5n th\u00f4ng<\/p>\n\n\n\n<p><strong>5. PGS.TS. L\u00ea \u0110\u1ea1i V\u01b0\u01a1ng<\/strong><\/p>\n\n\n\n<p>Chuy\u00ean m\u00f4n \u0111\u00e0o t\u1ea1o: V\u1eadt l\u00fd ch\u1ea5t r\u1eafn<\/p>\n\n\n\n<p><strong>6. ThS. L\u1ea1i Ph\u01b0\u1edbc S\u01a1n<\/strong><\/p>\n\n\n\n<p>Chuy\u00ean m\u00f4n \u0111\u00e0o t\u1ea1o: K\u1ef9 thu\u1eadt \u0111i\u1ec7n t\u1eed<\/p>\n\n\n\n<p><strong>7. TS. L\u00ea \u0110\u00ecnh Hi\u1ebfu<\/strong><\/p>\n\n\n\n<p>Chuy\u00ean ng\u00e0nh: K\u1ef9 thu\u1eadt \u0111i\u1ec1u khi\u1ec3n v\u00e0 T\u1ef1 \u0111\u1ed9ng h\u00f3a<\/p>\n\n\n\n<p><strong>8. TS. Nguy\u1ec5n Quang San<\/strong><\/p>\n\n\n\n<p>Chuy\u00ean ng\u00e0nh: V\u1eadt l\u00fd v\u00e0 To\u00e1n h\u1ecdc<\/p>\n\n\n\n<p><strong>9. TS. Nguy\u1ec5n \u0110\u1ee9c Vinh Quang<\/strong><\/p>\n\n\n\n<p>Chuy\u00ean ng\u00e0nh: K\u1ef9 thu\u1eadt x\u00e2y d\u1ef1ng<\/p>\n\n\n\n<p><strong>10. TS. Nguy\u1ec5n H\u1ed3ng Giang<\/strong><\/p>\n\n\n\n<p>Chuy\u00ean ng\u00e0nh: K\u1ef9 thu\u1eadt x\u00e2y d\u1ef1ng<\/p>\n\n\n\n<p><strong>11. ThS. Nguy\u1ec5n Qu\u1ed1c Huy<\/strong><\/p>\n\n\n\n<p>Chuy\u00ean ng\u00e0nh: K\u1ef9 thu\u1eadt c\u01a1 kh\u00ed<\/p>\n\n\n\n<div class=\"wp-block-uagb-advanced-heading\" id=\"uagb-adv-heading-fc5b0375-3fef-4503-90c3-9c9df804d537\"><h5 class=\"uagb-heading-text\"><strong>B\u1ed9 m\u00f4n Khoa h\u1ecdc d\u1eef li\u1ec7u v\u00e0 Tr\u00ed tu\u1ec7 nh\u00e2n t\u1ea1o  <\/strong><\/h5><div class=\"uagb-separator-wrap\"><div class=\"uagb-separator\"><\/div><\/div><p class=\"uagb-desc-text\"><\/p><\/div>\n\n\n\n<p><strong>1. TS. H\u1ed3 Qu\u1ed1c D\u0169ng<\/strong><\/p>\n\n\n\n<p>Chuy\u00ean ng\u00e0nh: Khoa h\u1ecdc th\u00f4ng tin v\u00e0 K\u1ef9 thu\u1eadt \u0111i\u1ec1u khi\u1ec3n<\/p>\n\n\n\n<p>Chuy\u00ean ng\u00e0nh (b\u1eb1ng k\u00e9p): M\u00f4 h\u00ecnh an to\u00e0n<\/p>\n\n\n\n<p>\u0110\u1ea1i h\u1ecdc C\u00f4ng ngh\u1ec7 Nagaoka, Nh\u1eadt B\u1ea3n <\/p>\n\n\n\n<p><strong>2. TS. Nguy\u1ec5n Th\u1ecb H\u00e0 Ph\u01b0\u01a1ng<\/strong><\/p>\n\n\n\n<p>Chuy\u00ean ng\u00e0nh: K\u1ef9 thu\u1eadt m\u00e1y t\u00ednh<\/p>\n\n\n\n<p>\u0110\u1ea1i h\u1ecdc Yeungnam, H\u00e0n Qu\u1ed1c<\/p>\n\n\n\n<p><strong>3. TS. L\u00ea Trung Hi\u1ebfu <\/strong><\/p>\n\n\n\n<p>Chuy\u00ean ng\u00e0nh: Tr\u00ed tu\u1ec7 nh\u00e2n t\u1ea1o <\/p>\n\n\n\n<p>\u0110\u1ea1i h\u1ecdc T\u1ed5ng h\u1ee3p Saint Peterburgs, Li\u00ean bang Nga<\/p>\n\n\n\n<p><strong>4. PGS.TS V\u00f5 Vi\u1ebft Minh Nh\u1eadt <\/strong><\/p>\n\n\n\n<p>Chuy\u00ean ng\u00e0nh: C\u00f4ng ngh\u1ec7 th\u00f4ng tin<\/p>\n\n\n\n<p> \u0110\u1ea1i h\u1ecdc UQAM, Montreal, Quebec, Canada <\/p>\n\n\n\n<p><strong>5. TS. Nguy\u1ec5n C\u00f4ng H\u00e0o<\/strong><\/p>\n\n\n\n<p>Chuy\u00ean ng\u00e0nh:  \u0110\u1ea3m b\u1ea3o to\u00e1n h\u1ecdc cho m\u00e1y t\u00ednh v\u00e0 h\u1ec7 th\u1ed1ng t\u00ednh to\u00e1n (C\u00f4ng ngh\u1ec7 th\u00f4ng tin) <\/p>\n\n\n\n<p> Vi\u1ec7n H\u00e0n l\u00e2m Khoa h\u1ecdc v\u00e0 C\u00f4ng ngh\u1ec7 Vi\u1ec7t Nam <\/p>\n\n\n\n<p><strong>6. ThS. Ho\u00e0ng Tr\u1ecdng L\u1ee3i<\/strong><\/p>\n\n\n\n<p>Chuy\u00ean ng\u00e0nh: To\u00e1n v\u00e0 th\u1ed1ng k\u00ea<\/p>\n\n\n\n<p>\u0110\u1ea1i h\u1ecdc S\u01b0 pham. \u0110\u1ea1i h\u1ecdc Hu\u1ebf<\/p>\n\n\n\n<p><strong>7. ThS. Nguy\u1ec5n Th\u1ecb H\u1ea3i L\u00ea<\/strong><\/p>\n\n\n\n<p>Chuy\u00ean ng\u00e0nh: Qu\u1ea3n tr\u1ecb kinh doanh<\/p>\n\n\n\n<p>\u0110\u1ea1i h\u1ecdc McNeese State, M\u1ef9<\/p>\n\n\n\n<div class=\"wp-block-uagb-advanced-heading\" id=\"uagb-adv-heading-1e9e0ebb-09fb-4a28-a513-0d82fd47d518\"><h5 class=\"uagb-heading-text\"><strong>H\u1ed8I \u0110\u1ed2NG KHOA H\u1eccC V\u00c0 \u0110\u00c0O T\u1ea0O <\/strong><\/h5><div class=\"uagb-separator-wrap\"><div class=\"uagb-separator\"><\/div><\/div><p class=\"uagb-desc-text\"><strong>H\u1ed9i \u0111\u1ed3ng&nbsp;Khoa h\u1ecdc v\u00e0 \u0110\u00e0o t\u1ea1o Khoa K\u1ef9 thu\u1eadt v\u00e0 C\u00f4ng ngh\u1ec7 nhi\u1ec7m k\u1ef3 2022-2027&nbsp;\u0111\u01b0\u1ee3c ki\u1ec7n to\u00e0n theo quy\u1ebft \u0111\u1ecbnh&nbsp;s\u1ed1 <em>134\/Q\u0110-\u0110HH<\/em> ng\u00e0y 27 th\u00e1ng 1 n\u0103m 2026&nbsp;c\u1ee7a Gi\u00e1m \u0111\u1ed1c \u0110\u1ea1i h\u1ecdc Hu\u1ebf. C\u00e1c th\u00e0nh vi\u00ean H\u1ed9i \u0111\u1ed3ng&nbsp;Khoa nhi\u1ec7m k\u1ef3&nbsp;2022 &#8211; 2027 nh\u01b0 sau:<\/strong> <\/p><\/div>\n\n\n\n<div class=\"wp-block-uagb-advanced-heading\" id=\"uagb-adv-heading-b39f8732-d80a-49d0-a590-19e84dd60cbc\"><h6 class=\"uagb-heading-text\"><strong>Ch\u1ee7 t\u1ecbch<\/strong><\/h6><div class=\"uagb-separator-wrap\"><div class=\"uagb-separator\"><\/div><\/div><p class=\"uagb-desc-text\"> PGS.TS. Nguy\u1ec5n Quang L\u1ecbch, Khoa tr\u01b0\u1edfng Khoa K\u1ef9 thu\u1eadt v\u00e0 C\u00f4ng ngh\u1ec7 &#8211; \u0110\u1ea1i h\u1ecdc Hu\u1ebf<\/p><\/div>\n\n\n\n<div class=\"wp-block-uagb-advanced-heading\" id=\"uagb-adv-heading-b39f8732-d80a-49d0-a590-19e84dd60cbc\"><h6 class=\"uagb-heading-text\"><strong>Ph\u00f3 Ch\u1ee7 t\u1ecbch<\/strong><\/h6><div class=\"uagb-separator-wrap\"><div class=\"uagb-separator\"><\/div><\/div><p class=\"uagb-desc-text\"> PGS.TS. Ng\u00f4 Xu\u00e2n C\u01b0\u1eddng, Ph\u00f3 khoa tr\u01b0\u1edfng Khoa K\u1ef9 thu\u1eadt v\u00e0 C\u00f4ng ngh\u1ec7 &#8211; \u0110\u1ea1i h\u1ecdc Hu\u1ebf<\/p><\/div>\n\n\n\n<div class=\"wp-block-uagb-advanced-heading\" id=\"uagb-adv-heading-b50b458d-0692-4d47-aaf8-6a646d0dee9d\"><h6 class=\"uagb-heading-text\"><strong>Th\u00e0nh vi\u00ean<\/strong><\/h6><div class=\"uagb-separator-wrap\"><div class=\"uagb-separator\"><\/div><\/div><p class=\"uagb-desc-text\">TS. B\u00f9i V\u0103n L\u1ee3i, Ph\u00f3 Gi\u00e1m \u0111\u1ed1c PT \u0110\u1ea1i h\u1ecdc Hu\u1ebf; <br> PGS.TS. Nguy\u1ec5n Xu\u00e2n Huy, Ch\u00e1nh V\u0103n ph\u00f2ng \u0110HH;<br>TS. Nguy\u1ec5n C\u00f4ng H\u00e0o, Tr\u01b0\u1edfng ban KT&#038;PC \u0110HH&nbsp;<br>PGS.TS V\u00f5 Vi\u1ebft Minh Nh\u1eadt, Ph\u00f3 Tr\u01b0\u1edfng Ban \u0110\u00e0o t\u1ea1o v\u00e0 C\u00f4ng t\u00e1c sinh vi\u00ean \u0110HH\n<br>PGS.TS. Tr\u1ea7n V\u0103n Giang, Tr\u01b0\u1edfng ban KHCN&#038;QHQT \u0110HH\n<br>TS. H\u1ed3 Qu\u1ed1c D\u0169ng, Tr\u01b0\u1edfng BM KHDL&#038;TTNT, Khoa KT&#038;CN &#8211; \u0110HH\n<br>TS. L\u00ea \u0110\u00ecnh Hi\u1ebfu, Tr\u01b0\u1edfng BM KT&#038;QLCN, Khoa KT&#038;CN &#8211; \u0110HH\n<br>TS. V\u00f5 Quang Nh\u00e3, Khoa KT&#038;CN &#8211; \u0110HH\n<br>TS. Nguy\u1ec5n \u0110\u1ee9c Vinh Quang, Khoa KT&#038;CN &#8211; \u0110HH\n<br>TS. Nguy\u1ec5n Th\u1ecb H\u00e0 Ph\u01b0\u01a1ng, Khoa KT&#038;CN &#8211; \u0110HH\n<br>\u00d4ng B\u00f9i Ho\u00e0ng Minh, Ph\u00f3 Gi\u00e1m \u0111\u1ed1c S\u1edf KH&#038;CN th\u00e0nh ph\u1ed1 Hu\u1ebf\n<br>\u00d4ng Nguy\u1ec5n Vinh H\u01b0ng, Ph\u00f3 Gi\u00e1m \u0111\u1ed1c S\u1edf GD&#038;\u0110T th\u00e0nh ph\u1ed1 Hu\u1ebf\n\n\n\n<div class=\"wp-block-uagb-advanced-heading\" id=\"uagb-adv-heading-665ad476-aeb6-446a-b180-ac36401d1869\"><h6 class=\"uagb-heading-text\"><strong>Th\u01b0 k\u00fd<\/strong><\/h6><div class=\"uagb-separator-wrap\"><div class=\"uagb-separator\"><\/div><\/div><p class=\"uagb-desc-text\">PGS.TS. L\u00ea \u0110\u1ea1i V\u01b0\u01a1ng, T\u1ed5 tr\u01b0\u1edfng T\u1ed5 \u0110T&amp;KHCN, Khoa K\u1ef9 thu\u1eadt v\u00e0 C\u00f4ng ngh\u1ec7 &#8211; \u0110\u1ea1i h\u1ecdc Hu\u1ebf<\/p><\/div>\n\n\n\n<p><strong>Gi\u1ea3ng vi\u00ean Th\u1ec9nh gi\u1ea3ng<\/strong><\/p>\n\n\n\n<p>Danh s\u00e1ch Gi\u1ea3ng vi\u00ean th\u1ec9nh gi\u1ea3ng <a href=\"https:\/\/docs.google.com\/spreadsheets\/d\/1Bjizc46Od-x6lRs0xoauucFNMyBI7bLl\/edit?usp=drive_link&amp;ouid=115407943316932385979&amp;rtpof=true&amp;sd=true\">T\u1ea0I \u0110\u00c2Y<\/a><\/p>\n","protected":false},"excerpt":{"rendered":"<p>Khoa Tr\u01b0\u1edfng Khoa K\u1ef9 thu\u1eadt v\u00e0 C\u00f4ng ngh\u1ec7 PGS.TS. Nguy\u1ec5n Quang L\u1ecbchChuy\u00ean ng\u00e0nh K\u1ef9 thu\u1eadt m\u00f4i tr\u01b0\u1eddng\u0110\u1ea1i h\u1ecdc Nam \u00dac, Australia 1. PGS.TS. Nguy\u1ec5n Quang&hellip;<\/p>\n","protected":false},"author":2,"featured_media":1931,"parent":0,"menu_order":0,"comment_status":"closed","ping_status":"closed","template":"","meta":{"footnotes":""},"_links":{"self":[{"href":"https:\/\/huet.hueuni.edu.vn\/index.php\/wp-json\/wp\/v2\/pages\/918"}],"collection":[{"href":"https:\/\/huet.hueuni.edu.vn\/index.php\/wp-json\/wp\/v2\/pages"}],"about":[{"href":"https:\/\/huet.hueuni.edu.vn\/index.php\/wp-json\/wp\/v2\/types\/page"}],"author":[{"embeddable":true,"href":"https:\/\/huet.hueuni.edu.vn\/index.php\/wp-json\/wp\/v2\/users\/2"}],"replies":[{"embeddable":true,"href":"https:\/\/huet.hueuni.edu.vn\/index.php\/wp-json\/wp\/v2\/comments?post=918"}],"version-history":[{"count":12,"href":"https:\/\/huet.hueuni.edu.vn\/index.php\/wp-json\/wp\/v2\/pages\/918\/revisions"}],"predecessor-version":[{"id":7432,"href":"https:\/\/huet.hueuni.edu.vn\/index.php\/wp-json\/wp\/v2\/pages\/918\/revisions\/7432"}],"wp:featuredmedia":[{"embeddable":true,"href":"https:\/\/huet.hueuni.edu.vn\/index.php\/wp-json\/"}],"wp:attachment":[{"href":"https:\/\/huet.hueuni.edu.vn\/index.php\/wp-json\/wp\/v2\/media?parent=918"}],"curies":[{"name":"wp","href":"https:\/\/api.w.org\/{rel}","templated":true}]}}