{"id":780,"date":"2025-11-18T10:06:11","date_gmt":"2025-11-18T10:06:11","guid":{"rendered":"https:\/\/huet.hueuni.edu.vn\/AIGTSD2025\/?page_id=780"},"modified":"2025-11-19T08:09:07","modified_gmt":"2025-11-19T08:09:07","slug":"keynote","status":"publish","type":"page","link":"https:\/\/huet.hueuni.edu.vn\/AIGTSD2025\/index.php\/keynote\/","title":{"rendered":"DI\u1ec4N GI\u1ea2"},"content":{"rendered":"\n<div class=\"wp-block-group alignfull is-layout-constrained wp-container-core-group-is-layout-1 wp-block-group-is-layout-constrained\" id=\"keynote\" style=\"padding-top:20px;padding-bottom:0px\">\n<h2 class=\"wp-block-heading has-large-font-size\">DI\u1ec4N GI\u1ea2<\/h2>\n\n\n\n<p style=\"text-align:center; color:#555; margin-top:0;\">\n  H\u1ed8I TH\u1ea2O KHOA H\u1eccC QU\u1ed0C GIA L\u1ea6N TH\u1ee8 NH\u1ea4T V\u1ec0 TR\u00cd TU\u1ec6 NH\u00c2N T\u1ea0O, C\u00d4NG NGH\u1ec6 XANH V\u00c0 PH\u00c1T TRI\u1ec2N B\u1ec0N V\u1eeeNG\n<\/p>\n\n<style>\n.keynote-card {\n  display:flex;\n  gap:14px;\n  background:#fff;\n  border-radius:12px;\n  padding:14px;\n  margin-bottom:16px;\n  box-shadow:0 6px 18px rgba(0,0,0,0.08);\n}\n.keynote-thumb {\n  width:120px;\n  height:120px;\n  border-radius:10px;\n  object-fit:cover;\n  background:#e8eef3;\n}\n.keynote-title {\n  font-size:17px;\n  font-weight:600;\n  margin-bottom:4px;\n  color:#0073aa;\n}\n.keynote-name {\n  font-weight:600;\n  margin-bottom:4px;\n}\n.keynote-aff {\n  color:#666;\n  font-size:14px;\n  margin-bottom:8px;\n}\n.keynote-topic {\n  font-size:14px;\n  margin-bottom:10px;\n}\n.keynote-links a {\n  display:inline-block;\n  margin-right:12px;\n  font-size:14px;\n  color:#0073aa;\n  text-decoration:none;\n}\n.keynote-links a:hover { text-decoration:underline; }\n<\/style>\n\n\n<!-- 1. GS. TSKH H\u1ed3 T\u00fa B\u1ea3o -->\n<div class=\"keynote-card\">\n  <img decoding=\"async\" class=\"keynote-thumb\" src=\"https:\/\/media.discordapp.net\/attachments\/608086208324829195\/1440285190261051402\/image.png?ex=691d999c&#038;is=691c481c&#038;hm=069711b869b17d917c1f8d7233a97b9b965baace0d8fa80de029549c724b1904&#038;=&#038;format=webp&#038;quality=lossless\" alt=\"GS. TSKH H\u1ed3 T\u00fa B\u1ea3o\">\n  <div>\n    <div class=\"keynote-name\">1. GS. TSKH H\u1ed3 T\u00fa B\u1ea3o<\/div>\n    <div class=\"keynote-aff\">\n      T\u00f3m t\u1eaft: B\u00e0i n\u00f3i n\u00e0y trao \u0111\u1ed5i v\u1ec1 quan h\u1ec7 c\u1ee7a Tr\u00ed tu\u1ec7 nh\u00e2n t\u1ea1o (AI) v\u00e0 Gi\u00e1o d\u1ee5c. B\u00e0i n\u00f3i xu\u1ea5t ph\u00e1t t\u1eeb c\u00e1c n\u0103ng l\u1ef1c tr\u00ed tu\u1ec7 c\u1ee7a con ng\u01b0\u1eddi \u0111\u1ebfn c\u00e1c \u201cn\u0103ng l\u1ef1c tr\u00ed tu\u1ec7\u201d c\u1ee7a m\u00e1y (AI) v\u00e0 t\u00e1c \u0111\u1ed9ng c\u1ee7a AI l\u00ean gi\u00e1o d\u1ee5c. B\u00e0i n\u00f3i chia s\u1ebb m\u1ed9t s\u1ed1 suy ngh\u0129 v\u1ec1 AI trong gi\u00e1o d\u1ee5c ph\u1ed5 th\u00f4ng c\u0169ng nh\u01b0 trong gi\u00e1o d\u1ee5c \u0111\u1ea1i h\u1ecdc v\u00e0 d\u1ea1y ngh\u1ec1.\n<br\/>\n<br\/>\nBio: Gi\u00e1o s\u01b0 H\u1ed3 T\u00fa B\u1ea3o hi\u1ec7n l\u00e0 Gi\u00e1m \u0111\u1ed1c Ph\u00f2ng th\u00ed nghi\u1ec7m Khoa h\u1ecdc D\u1eef li\u1ec7u t\u1ea1i Vi\u1ec7n Nghi\u00ean c\u1ee9u Cao c\u1ea5p v\u1ec1 To\u00e1n c\u1ee7a Vi\u1ec7t Nam (VIASM) v\u00e0 Gi\u00e1o s\u01b0 danh d\u1ef1 c\u1ee7a Vi\u1ec7n Khoa h\u1ecdc v\u00e0 C\u00f4ng ngh\u1ec7 Ti\u00ean ti\u1ebfn Nh\u1eadt B\u1ea3n (JAIST), n\u01a1i \u00f4ng l\u00e0 Gi\u00e1o s\u01b0 v\u00e0 Ph\u1ee5 tr\u00e1ch Lab v\u1ec1 H\u1ecdc M\u00e1y v\u00e0 Khai ph\u00e1 D\u1eef li\u1ec7u trong giai \u0111o\u1ea1n 1993-2018. \n\u00d4ng t\u1ed1t nghi\u1ec7p ng\u00e0nh To\u00e1n \u0111i\u1ec1u khi\u1ec3n t\u1ea1i tr\u01b0\u1eddng \u0110\u1ea1i h\u1ecdc B\u00e1ch Khoa H\u00e0 N\u1ed9i (1978), Th\u1ea1c s\u0129 (1984), Ti\u1ebfn s\u0129 (1987) t\u1ea1i \u0110\u1ea1i h\u1ecdc Paris 6, Ti\u1ebfn s\u0129 Khoa h\u1ecdc (Dr. Habil, 1998) t\u1ea1i \u0110\u1ea1i h\u1ecdc Paris 9, \u0111\u1ec1u v\u1ec1 Tr\u00ed tu\u1ec7 nh\u00e2n t\u1ea1o. Nghi\u00ean c\u1ee9u ch\u00ednh c\u1ee7a \u00f4ng l\u00e0 v\u1ec1 c\u00e1c ph\u01b0\u01a1ng ph\u00e1p h\u1ecdc m\u00e1y trong AI v\u00e0 \u1ee9ng d\u1ee5ng h\u1ecdc m\u00e1y trong y h\u1ecdc v\u00e0 c\u00e1c l\u0129nh v\u1ef1c kh\u00e1c. Trong nh\u1eefng n\u0103m v\u1eeba qua \u00f4ng t\u00ecm hi\u1ec3u v\u00e0 tham gia c\u00f4ng vi\u1ec7c chuy\u1ec3n \u0111\u1ed5i s\u1ed1 v\u00e0 AI trong c\u00e1c l\u0129nh v\u1ef1c gi\u00e1o d\u1ee5c, y t\u1ebf v\u00e0 kinh t\u1ebf. \n\u00d4ng l\u00e0 th\u00e0nh vi\u00ean c\u00e1c Ban \u0111i\u1ec1u h\u00e0nh c\u1ee7a H\u1ed9i ngh\u1ecb ch\u00e2u \u00c1-Th\u00e1i b\u00ecnh d\u01b0\u01a1ng v\u1ec1 AI (PRICAI), v\u1ec1 Khai ph\u00e1 d\u1eef li\u1ec7u (PAKDD), H\u1ed9i ngh\u1ecb ch\u00e2u \u00c1 v\u1ec1 H\u1ecdc m\u00e1y (ACML); th\u00e0nh vi\u00ean H\u1ed9i \u0111\u1ed3ng Gi\u00e1o s\u01b0 nh\u00e0 n\u01b0\u1edbc ng\u00e0nh CNTT; th\u00e0nh vi\u00ean H\u1ed9i \u0111\u1ed3ng nghi\u00ean c\u1ee9u v\u00e0 \u0111\u00e0o t\u1ea1o c\u1ee7a m\u1ed9t s\u1ed1 \u0110\u1ea1i h\u1ecdc\u2026 v\u00e0 th\u00e0nh vi\u00ean H\u1ed9i \u0111\u1ed3ng T\u01b0 v\u1ea5n Qu\u1ed1c gia v\u1ec1 Khoa h\u1ecdc, C\u00f4ng ngh\u1ec7, \u0110\u1ed5i m\u1edbi s\u00e1ng t\u1ea1o v\u00e0 Chuy\u1ec3n \u0111\u1ed5i s\u1ed1. \u00d4ng \u0111\u00e3 tham gia ch\u1ee7 tr\u00ec kho\u1ea3ng 20 \u0111\u1ec1 t\u00e0i nghi\u00ean c\u1ee9u c\u00e1c c\u1ea5p, t\u00e1c gi\u1ea3 kho\u1ea3ng 70 b\u00e0i b\u00e1o tr\u00ean c\u00e1c t\u1ea1p ch\u00ed qu\u1ed1c t\u1ebf uy t\u00edn, kho\u1ea3ng 200 b\u00e0i b\u00e1o t\u1ea1i c\u00e1c h\u1ed9i ngh\u1ecb qu\u1ed1c t\u1ebf chuy\u00ean ng\u00e0nh, v\u00e0 h\u01b0\u1edbng d\u1eabn h\u01a1n 30 nghi\u00ean c\u1ee9u sinh ti\u1ebfn s\u0129 trong l\u0129nh v\u1ef1c AI.\n\n    <\/div>\n    <div class=\"keynote-topic\">\n      <strong>Ch\u1ee7 \u0111\u1ec1:<\/strong> Tr\u00ed tu\u1ec7 nh\u00e2n t\u1ea1o v\u00e0 h\u1ecdc m\u00e1y trong Ph\u00e2n t\u00edch d\u1eef li\u1ec7u kinh doanh\n    <\/div>\n    <div class=\"keynote-links\">\n      <a href=\"https:\/\/www.is.vnu.edu.vn\/gs-tskh-ho-tu-bao-2\/\" target=\"_blank\" rel=\"noopener\">Website<\/a>\n    <\/div>\n  <\/div>\n<\/div>\n\n\n<!-- 2. PGS TS. \u0110\u1eb7ng Ng\u1ecdc To\u00e0n -->\n<div class=\"keynote-card\">\n  <img decoding=\"async\" class=\"keynote-thumb\" src=\"https:\/\/media.discordapp.net\/attachments\/608086208324829195\/1440285205079396362\/image.png?ex=691d99a0&#038;is=691c4820&#038;hm=5372033794ae5df7c7a6fa6fcaf658c9382a1eacf698092546cbb241e134f2db&#038;=&#038;format=webp&#038;quality=lossless\" alt=\"PGS TS. \u0110\u1eb7ng Ng\u1ecdc To\u00e0n\">\n  <div>\n    <div class=\"keynote-name\">2. PGS TS. \u0110\u1eb7ng Ng\u1ecdc To\u00e0n<\/div>\n    <div class=\"keynote-aff\">\n      PGS TS. \u0110\u1eb7ng Ng\u1ecdc To\u00e0n hi\u1ec7n l\u00e0 nghi\u00ean c\u1ee9u vi\u00ean t\u1ea1i Vi\u1ec7n Nghi\u00ean c\u1ee9u v\u00e0 Ph\u00e1t tri\u1ec3n C\u00f4ng ngh\u1ec7 cao, \u0110\u1ea1i h\u1ecdc Duy T\u00e2n v\u00e0 l\u00e0 Th\u00e0nh vi\u00ean H\u1ed9i \u0111\u1ed3ng khoa h\u1ecdc nghi\u00ean c\u1ee9u \u1ee9ng d\u1ee5ng li\u00ean ng\u00e0nh v\u1eadt li\u1ec7u, vi m\u1ea1ch t\u00edch h\u1ee3p (IC) nhi\u1ec7m k\u1ef3 2024-2026 NAFOSTED. \u00d4ng t\u1ed1t nghi\u1ec7p ti\u1ebfn s\u0129 t\u1ea1i \u0110\u1ea1i h\u1ecdc T\u1ed5ng h\u1ee3p qu\u1ed1c gia Tula, \u0111\u00e3 c\u00f4ng b\u1ed1 h\u01a1n 100 c\u00f4ng tr\u00ecnh khoa h\u1ecdc tr\u00ean c\u00e1c t\u1ea1p ch\u00ed v\u00e0 h\u1ed9i ngh\u1ecb qu\u1ed1c t\u1ebf uy t\u00edn, \u0111\u1ed3ng th\u1eddi tham gia \u0111\u00e0o t\u1ea1o v\u00e0 h\u01b0\u1edbng d\u1eabn nghi\u00ean c\u1ee9u sinh, h\u1ecdc vi\u00ean cao h\u1ecdc trong l\u0129nh v\u1ef1c v\u1eadt li\u1ec7u \u0111i\u1ec7n t\u1eeb.\n    <\/div>\n    <div class=\"keynote-topic\">\n      <strong>Ch\u1ee7 \u0111\u1ec1:<\/strong> Strong magnetoelectric and tunable magnetism materials for sustainable development\n    <\/div>\n    <div style=\"font-size:14px; margin-bottom:8px;\">\n      <strong>Email:<\/strong> dangngoctoan1@duytan.edu.vn\n    <\/div>\n    <div class=\"keynote-links\">\n      <a href=\"https:\/\/ird.duytan.edu.vn\/nhan-vien-9i3\/23-dang-ngoc-toan\" target=\"_blank\" rel=\"noopener\">Website<\/a>\n    <\/div>\n  <\/div>\n<\/div>\n\n\n<!-- 3. PGS. TS. Nguy\u1ec5n \u0110\u1ee9c Tuy\u00ean -->\n<div class=\"keynote-card\">\n  <img decoding=\"async\" class=\"keynote-thumb\" src=\"https:\/\/media.discordapp.net\/attachments\/608086208324829195\/1440285217268043847\/image.png?ex=691d99a3&#038;is=691c4823&#038;hm=7aee9881870b9c26e18bd334cc0a0262bed45d585ebc8b87ae9082aa0f024e7c&#038;=&#038;format=webp&#038;quality=lossless\" alt=\"PGS. TS. Nguy\u1ec5n \u0110\u1ee9c Tuy\u00ean\">\n  <div>\n    <div class=\"keynote-name\">3. PGS. TS. Nguy\u1ec5n \u0110\u1ee9c Tuy\u00ean<\/div>\n    <div class=\"keynote-aff\">\n      PGS. Nguy\u1ec5n \u0110\u1ee9c Tuy\u00ean l\u00e0 Tr\u01b0\u1edfng Ph\u00f2ng PTN NC H\u1ec7 th\u1ed1ng \u0111i\u1ec7n v\u00e0 n\u0103ng l\u01b0\u1ee3ng t\u00e1i t\u1ea1o, \u0110\u1ea1i h\u1ecdc B\u00e1ch Khoa H\u00e0 N\u1ed9i, th\u00e0nh vi\u00ean IEEE. PGS. Tuy\u00ean nh\u1eadn b\u1eb1ng Ti\u1ebfn s\u0129 t\u1ea1i Nh\u1eadt B\u1ea3n v\u00e0 c\u00f3 th\u1eddi gian h\u1ecdc t\u1eadp, l\u00e0m vi\u1ec7c t\u1ea1i \u0111\u00e2y giai \u0111o\u1ea1n 2008\u20132018. PGS. Tuy\u00ean c\u00f3 nhi\u1ec1u h\u1ee3p t\u00e1c qu\u1ed1c t\u1ebf nh\u01b0 Nh\u1eadt B\u1ea3n, \u00dac, \u0110\u00e0i Loan, H\u00e0n Qu\u1ed1c v\u00e0 V\u01b0\u01a1ng qu\u1ed1c Anh. PGS. Tuy\u00ean \u0111\u00e3 c\u00f4ng b\u1ed1 kho\u1ea3ng 150 c\u00f4ng tr\u00ecnh khoa h\u1ecdc tr\u00ean c\u00e1c t\u1ea1p ch\u00ed v\u00e0 h\u1ed9i ngh\u1ecb qu\u1ed1c t\u1ebf uy t\u00edn, \u0111\u1ed3ng th\u1eddi tham gia \u0111\u00e0o t\u1ea1o v\u00e0 h\u01b0\u1edbng d\u1eabn nghi\u00ean c\u1ee9u sinh, h\u1ecdc vi\u00ean cao h\u1ecdc trong l\u0129nh v\u1ef1c n\u0103ng l\u01b0\u1ee3ng v\u00e0 h\u1ec7 th\u1ed1ng \u0111i\u1ec7n hi\u1ec7n \u0111\u1ea1i.\n    <\/div>\n    <div class=\"keynote-topic\">\n      <strong>Ch\u1ee7 \u0111\u1ec1:<\/strong> Gi\u1edbi thi\u1ec7u c\u00e1c b\u00e0i to\u00e1n v\u1ec1 AI \u1ee9ng d\u1ee5ng cho ng\u00e0nh \u0111i\u1ec7n v\u00e0 n\u0103ng l\u01b0\u1ee3ng t\u00e1i t\u1ea1o\n    <\/div>\n    <div style=\"font-size:14px; margin-bottom:8px;\">\n      <strong>Email:<\/strong> tuyen.nguyenduc@hust.edu.vn\n    <\/div>\n    <div class=\"keynote-links\">\n      <a href=\"https:\/\/research.hust.edu.vn\/seee-lab-power-grid-and-renewable-energy-lab\/thanh-vien\" target=\"_blank\" rel=\"noopener\">Website<\/a>\n      <a href=\"https:\/\/scholar.google.com\/citations?hl=en&#038;user=_Jwdw_4AAAAJ&#038;view_op=list_works&#038;sortby=pubdate\" target=\"_blank\" rel=\"noopener\">Google Scholar<\/a>\n      <a href=\"https:\/\/www.scopus.com\/authid\/detail.uri?authorId=58279068400\" target=\"_blank\" rel=\"noopener\">Scopus<\/a>\n    <\/div>\n  <\/div>\n<\/div>\n\n\n<!-- 4. PGS. TS. Ph\u1ea1m Th\u1ecb Thu Hi\u1ec1n -->\n<div class=\"keynote-card\">\n  <img decoding=\"async\" class=\"keynote-thumb\" src=\"https:\/\/media.discordapp.net\/attachments\/608086208324829195\/1440285229893029899\/image.png?ex=691d99a6&#038;is=691c4826&#038;hm=69f3afa88ce0c939761f811898a0fc8b538b97ec53a4c569abee158fa6608899&#038;=&#038;format=webp&#038;quality=lossless\" alt=\"PGS. TS. Ph\u1ea1m Th\u1ecb Thu Hi\u1ec1n\">\n  <div>\n    <div class=\"keynote-name\">4. PGS. TS. Ph\u1ea1m Th\u1ecb Thu Hi\u1ec1n<\/div>\n    <div class=\"keynote-aff\">\n      PGS. TS. Ph\u1ea1m Th\u1ecb Thu Hi\u1ec1n hi\u1ec7n l\u00e0 Tr\u01b0\u1edfng B\u1ed9 m\u00f4n Thi\u1ebft b\u1ecb Y t\u1ebf v\u00e0 Tr\u01b0\u1edfng Ph\u00f2ng th\u00ed nghi\u1ec7m Quang t\u1eed Y sinh, Khoa K\u1ef9 thu\u1eadt Y sinh, Tr\u01b0\u1eddng \u0110\u1ea1i h\u1ecdc Qu\u1ed1c t\u1ebf \u2013 \u0110HQG TP.HCM. C\u00f4 nghi\u00ean c\u1ee9u chuy\u00ean s\u00e2u v\u1ec1 quang h\u1ecdc ph\u00e2n c\u1ef1c, \u0111o l\u01b0\u1eddng quang h\u1ecdc ch\u00ednh x\u00e1c, \u1ee9ng d\u1ee5ng AI trong ch\u1ea9n \u0111o\u00e1n ung th\u01b0, \u0111o \u0111\u01b0\u1eddng huy\u1ebft kh\u00f4ng x\u00e2m l\u1ea5n v\u00e0 \u0111i\u1ec1u tr\u1ecb b\u1eb1ng laser\/LED.\n<br\/>\n<br\/>\nPGS. Hi\u1ec1n \u0111\u00e3 ch\u1ee7 tr\u00ec nhi\u1ec1u \u0111\u1ec1 t\u00e0i c\u1ea5p qu\u1ed1c gia v\u00e0 th\u00e0nh ph\u1ed1, c\u00f4ng b\u1ed1 h\u01a1n 45 b\u00e0i b\u00e1o t\u1ea1p ch\u00ed khoa h\u1ecdc (trong \u0111\u00f3 30 b\u00e0i tr\u00ean t\u1ea1p ch\u00ed qu\u1ed1c t\u1ebf tr\u00ean ISI) v\u00e0 tr\u00ean 40 b\u00e0i b\u00e1o h\u1ed9i th\u1ea3o qu\u1ed1c t\u1ebf c\u00f3 uy t\u00edn, s\u1edf h\u1eefu b\u1eb1ng s\u00e1ng ch\u1ebf t\u1ea1i M\u1ef9 (2012) v\u00e0 \u0110\u00e0i Loan (2015). C\u00f4 l\u00e0 Guest Editor c\u1ee7a t\u1ea1p ch\u00ed Jove, Reviewer cho nhi\u1ec1u t\u1ea1p ch\u00ed ISI uy t\u00edn, \u0111\u1ed3ng th\u1eddi tham gia t\u1ed5 ch\u1ee9c H\u1ed9i ngh\u1ecb qu\u1ed1c t\u1ebf BME10. PGS. Hi\u1ec1n \u0111\u00e3 nh\u1eadn nhi\u1ec1u gi\u1ea3i th\u01b0\u1edfng uy t\u00edn nh\u01b0: Gi\u1ea3i th\u01b0\u1edfng S\u00e1ng t\u1ea1o TP.HCM, H\u1ed9i thi s\u00e1ng t\u1ea1o k\u1ef9 thu\u1eadt TP.HCM, Gi\u1ea3i nh\u1ea5t Tech Plan Demo Day Vietnam v\u00e0 nhi\u1ec1u gi\u1ea3i th\u01b0\u1edfng khoa h\u1ecdc danh gi\u00e1 kh\u00e1c. \n \n    <\/div>\n    <div class=\"keynote-topic\">\n      <strong>Ch\u1ee7 \u0111\u1ec1:<\/strong> Tr\u00ed tu\u1ec7 nh\u00e2n t\u1ea1o trong ch\u0103m s\u00f3c s\u1ee9c kh\u1ecfe th\u00f4ng minh\n    <\/div>\n    <div style=\"font-size:14px; margin-bottom:8px;\">\n      <strong>Email:<\/strong> ptthien@hcmiu.edu.vn\n    <\/div>\n    <div class=\"keynote-links\">\n      <a href=\"https:\/\/scholar.google.com.vn\/citations?user=Tk3749sAAAAJ&#038;hl=en\" target=\"_blank\" rel=\"noopener\">Google Scholar<\/a>\n    <\/div>\n  <\/div>\n<\/div>\n<\/div>\n","protected":false},"excerpt":{"rendered":"<p>DI\u1ec4N GI\u1ea2 H\u1ed8I TH\u1ea2O KHOA H\u1eccC QU\u1ed0C GIA L\u1ea6N TH\u1ee8 NH\u1ea4T V\u1ec0 TR\u00cd TU\u1ec6 NH\u00c2N T\u1ea0O, C\u00d4NG NGH\u1ec6 XANH V\u00c0 [&hellip;]<\/p>\n","protected":false},"author":1,"featured_media":0,"parent":0,"menu_order":0,"comment_status":"closed","ping_status":"closed","template":"","meta":{"site-sidebar-layout":"default","site-content-layout":"","ast-site-content-layout":"default","site-content-style":"default","site-sidebar-style":"default","ast-global-header-display":"","ast-banner-title-visibility":"","ast-main-header-display":"","ast-hfb-above-header-display":"","ast-hfb-below-header-display":"","ast-hfb-mobile-header-display":"","site-post-title":"disabled","ast-breadcrumbs-content":"","ast-featured-img":"","footer-sml-layout":"","theme-transparent-header-meta":"","adv-header-id-meta":"","stick-header-meta":"","header-above-stick-meta":"","header-main-stick-meta":"","header-below-stick-meta":"","astra-migrate-meta-layouts":"default","ast-page-background-enabled":"default","ast-page-background-meta":{"desktop":{"background-color":"var(--ast-global-color-5)","background-image":"","background-repeat":"repeat","background-position":"center center","background-size":"auto","background-attachment":"scroll","background-type":"","background-media":"","overlay-type":"","overlay-color":"","overlay-opacity":"","overlay-gradient":""},"tablet":{"background-color":"","background-image":"","background-repeat":"repeat","background-position":"center center","background-size":"auto","background-attachment":"scroll","background-type":"","background-media":"","overlay-type":"","overlay-color":"","overlay-opacity":"","overlay-gradient":""},"mobile":{"background-color":"","background-image":"","background-repeat":"repeat","background-position":"center center","background-size":"auto","background-attachment":"scroll","background-type":"","background-media":"","overlay-type":"","overlay-color":"","overlay-opacity":"","overlay-gradient":""}},"ast-content-background-meta":{"desktop":{"background-color":"var(--ast-global-color-4)","background-image":"","background-repeat":"repeat","background-position":"center center","background-size":"auto","background-attachment":"scroll","background-type":"","background-media":"","overlay-type":"","overlay-color":"","overlay-opacity":"","overlay-gradient":""},"tablet":{"background-color":"var(--ast-global-color-4)","background-image":"","background-repeat":"repeat","background-position":"center center","background-size":"auto","background-attachment":"scroll","background-type":"","background-media":"","overlay-type":"","overlay-color":"","overlay-opacity":"","overlay-gradient":""},"mobile":{"background-color":"var(--ast-global-color-4)","background-image":"","background-repeat":"repeat","background-position":"center center","background-size":"auto","background-attachment":"scroll","background-type":"","background-media":"","overlay-type":"","overlay-color":"","overlay-opacity":"","overlay-gradient":""}},"footnotes":""},"_links":{"self":[{"href":"https:\/\/huet.hueuni.edu.vn\/AIGTSD2025\/index.php\/wp-json\/wp\/v2\/pages\/780"}],"collection":[{"href":"https:\/\/huet.hueuni.edu.vn\/AIGTSD2025\/index.php\/wp-json\/wp\/v2\/pages"}],"about":[{"href":"https:\/\/huet.hueuni.edu.vn\/AIGTSD2025\/index.php\/wp-json\/wp\/v2\/types\/page"}],"author":[{"embeddable":true,"href":"https:\/\/huet.hueuni.edu.vn\/AIGTSD2025\/index.php\/wp-json\/wp\/v2\/users\/1"}],"replies":[{"embeddable":true,"href":"https:\/\/huet.hueuni.edu.vn\/AIGTSD2025\/index.php\/wp-json\/wp\/v2\/comments?post=780"}],"version-history":[{"count":11,"href":"https:\/\/huet.hueuni.edu.vn\/AIGTSD2025\/index.php\/wp-json\/wp\/v2\/pages\/780\/revisions"}],"predecessor-version":[{"id":796,"href":"https:\/\/huet.hueuni.edu.vn\/AIGTSD2025\/index.php\/wp-json\/wp\/v2\/pages\/780\/revisions\/796"}],"wp:attachment":[{"href":"https:\/\/huet.hueuni.edu.vn\/AIGTSD2025\/index.php\/wp-json\/wp\/v2\/media?parent=780"}],"curies":[{"name":"wp","href":"https:\/\/api.w.org\/{rel}","templated":true}]}}