{"id":245,"date":"2025-08-02T01:14:15","date_gmt":"2025-08-02T01:14:15","guid":{"rendered":"https:\/\/huet.hueuni.edu.vn\/AIGTSD2025\/?page_id=245"},"modified":"2025-11-04T02:17:49","modified_gmt":"2025-11-04T02:17:49","slug":"call-for-papers","status":"publish","type":"page","link":"https:\/\/huet.hueuni.edu.vn\/AIGTSD2025\/index.php\/call-for-papers\/","title":{"rendered":"T\u00c1C GI\u1ea2"},"content":{"rendered":"\n<h2 class=\"wp-block-heading has-large-font-size\" style=\"padding-top:20px;padding-right:0;padding-bottom:0;padding-left:0\">T\u00c1C GI\u1ea2<\/h2>\n\n\n\n<div class=\"wp-block-columns is-layout-flex wp-container-core-columns-is-layout-1 wp-block-columns-is-layout-flex\" style=\"margin-top:0;margin-bottom:0;padding-top:0;padding-right:0;padding-bottom:0;padding-left:0\">\n<div class=\"wp-block-column is-layout-flow wp-block-column-is-layout-flow\" style=\"padding-top:0;padding-bottom:0\">\n<div class=\"wp-block-group alignfull has-ast-global-color-5-background-color has-background is-content-justification-center is-layout-constrained wp-block-group-is-layout-constrained\" id=\"call-for-papers\">\n<p class=\"has-ast-global-color-8-color has-text-color has-link-color has-medium-font-size wp-elements-f54dc91316dbcd96152ab2795696168c\" style=\"margin-top:0;margin-bottom:0\"><strong>K\u00caU G\u1eccI B\u00c0I B\u00c1O<\/strong><\/p>\n\n\n\n<div class=\"wp-block-group is-content-justification-center is-layout-constrained wp-container-core-group-is-layout-1 wp-block-group-is-layout-constrained\" style=\"margin-top:0;margin-bottom:var(--wp--preset--spacing--40);padding-top:var(--wp--preset--spacing--20);padding-bottom:0;padding-left:var(--wp--preset--spacing--40)\">\n<div style=\"text-align: justify;\">\n<strong><em>H\u1ed9i th\u1ea3o Khoa h\u1ecdc Qu\u1ed1c gia \u201cTr\u00ed tu\u1ec7 nh\u00e2n t\u1ea1o, C\u00f4ng ngh\u1ec7 xanh v\u00e0 Ph\u00e1t tri\u1ec3n b\u1ec1n v\u1eefng\u201d<\/strong><\/em> s\u1ebd di\u1ec5n ra t\u1eeb ng\u00e0y <strong><em>05 Th\u00e1ng 12<\/strong><\/em> \u0111\u1ebfn <strong><em>06 Th\u00e1ng 12 n\u0103m 2025<\/strong><\/em> t\u1ea1i <strong><em>\u0110\u1ea1i h\u1ecdc Hu\u1ebf, s\u1ed1 01 \u0110i\u1ec7n Bi\u00ean Ph\u1ee7, Ph\u01b0\u1eddng Thu\u1eadn H\u00f3a, Th\u00e0nh ph\u1ed1 Hu\u1ebf<\/strong><\/em>, nh\u1eb1m chia s\u1ebb k\u1ebft qu\u1ea3 nghi\u00ean c\u1ee9u m\u1edbi, k\u1ebft n\u1ed1i c\u00e1c b\u00ean li\u00ean quan, th\u00fac \u0111\u1ea9y chuy\u1ec3n giao c\u00f4ng ngh\u1ec7 v\u00e0 th\u01b0\u01a1ng m\u1ea1i h\u00f3a s\u1ea3n ph\u1ea9m. H\u1ed9i th\u1ea3o c\u0169ng \u0111\u1ecbnh h\u01b0\u1edbng \u1ee9ng d\u1ee5ng AI v\u00e0o t\u1ef1 \u0111\u1ed9ng h\u00f3a, n\u0103ng l\u01b0\u1ee3ng xanh, ti\u1ebft ki\u1ec7m n\u0103ng l\u01b0\u1ee3ng v\u00e0 th\u00edch \u1ee9ng bi\u1ebfn \u0111\u1ed5i kh\u00ed h\u1eadu, g\u00f3p ph\u1ea7n n\u00e2ng cao n\u0103ng l\u1ef1c nghi\u00ean c\u1ee9u v\u00e0 th\u00fac \u0111\u1ea9y \u0111\u1ed5i m\u1edbi s\u00e1ng t\u1ea1o.\n<\/div>\n\n\n\n<div style=\"text-align: justify;\">\nH\u1ed9i th\u1ea3o l\u00e0 c\u01a1 h\u1ed9i \u0111\u1ec3 c\u00e1c s\u1edf \u0111\u00e0o t\u1ea1o, vi\u1ec7n nghi\u00ean c\u1ee9u, doanh nghi\u1ec7p v\u00e0 c\u00e1c \u0111\u01a1n v\u1ecb li\u00ean quan c\u00f9ng nhau \u0111\u1ec1 xu\u1ea5t c\u00e1c gi\u1ea3i ph\u00e1p n\u00e2ng cao ch\u1ea5t l\u01b0\u1ee3ng gi\u1ea3ng d\u1ea1y, nghi\u00ean c\u1ee9u khoa h\u1ecdc v\u00e0 h\u1ee3p t\u00e1c ph\u00e1t tri\u1ec3n, g\u00f3p ph\u1ea7n th\u1ef1c hi\u1ec7n Ngh\u1ecb quy\u1ebft s\u1ed1 57-NQ\/TW ng\u00e0y 22\/12\/2024 c\u1ee7a B\u1ed9 Ch\u00ednh tr\u1ecb v\u1ec1 \u0111\u1ed9t ph\u00e1 ph\u00e1t tri\u1ec3n khoa h\u1ecdc, c\u00f4ng ngh\u1ec7, \u0111\u1ed5i m\u1edbi s\u00e1ng t\u1ea1o v\u00e0 chuy\u1ec3n \u0111\u1ed5i s\u1ed1 qu\u1ed1c gia.\n<\/div>\n<\/div>\n\n\n\n<p class=\"has-ast-global-color-8-color has-text-color has-link-color has-medium-font-size wp-elements-7f0b79252fcc7463089faa552af50f61\" style=\"margin-bottom:0\"><strong>N\u1ed8P B\u00c0I V\u00c0 XU\u1ea4T B\u1ea2N<\/strong><\/p>\n\n\n\n<div class=\"wp-block-group is-content-justification-center is-layout-constrained wp-container-core-group-is-layout-2 wp-block-group-is-layout-constrained\" style=\"margin-top:0;margin-bottom:var(--wp--preset--spacing--40);padding-top:var(--wp--preset--spacing--20);padding-bottom:0;padding-left:var(--wp--preset--spacing--40)\">\n<p>B\u00e0i vi\u1ebft g\u1eedi H\u1ed9i th\u1ea3o ph\u1ea3i \u0111\u01b0\u1ee3c g\u1eedi \u0111\u00fang h\u1ea1n v\u00e0 tu\u00e2n th\u1ee7 \u0111\u1ecbnh d\u1ea1ng m\u1eabu c\u1ee7a Ban T\u1ed5 ch\u1ee9c.<br>Th\u00f4ng tin chi ti\u1ebft v\u1ec1 quy \u0111\u1ecbnh n\u1ed9p b\u00e0i c\u00f3 <a href=\"https:\/\/huet.hueuni.edu.vn\/AIGTSD2025\/index.php\/submission\/\"><span style=\"text-decoration: underline;\">T\u1ea1i \u0111\u00e2y<\/span><\/a>.<br>H\u1ea1n \u0110\u0103ng k\u00fd tham d\u1ef1 v\u00e0 t\u00f3m t\u1eaft b\u00e1o c\u00e1o t\u1eeb khi th\u00f4ng b\u00e1o \u0111\u1ebfn h\u1ebft ng\u00e0y <strong>10\/10\/2025<\/strong>.<br>H\u1ea1n B\u00e1o c\u00e1o to\u00e0n v\u0103n g\u1eedi tr\u01b0\u1edbc ng\u00e0y <strong><s style=\"color: red;\">30\/10\/2025<\/s><\/strong> <strong>15\/11\/2025<\/strong>.<\/p>\n<\/div>\n\n\n\n<p class=\"has-ast-global-color-8-color has-text-color has-link-color has-medium-font-size wp-elements-42d8e414a70b594bd9ee8e7656cbc30c\" style=\"margin-bottom:0\"><strong>PH\u1ea0M VI H\u1ed8I TH\u1ea2O<\/strong><\/p>\n\n\n\n<div class=\"wp-block-group is-content-justification-center is-layout-constrained wp-container-core-group-is-layout-3 wp-block-group-is-layout-constrained\" style=\"margin-top:0;margin-bottom:var(--wp--preset--spacing--40);padding-top:var(--wp--preset--spacing--20);padding-bottom:0;padding-left:var(--wp--preset--spacing--40)\">\n<p><strong><em>H\u1ed9i th\u1ea3o khoa h\u1ecdc qu\u1ed1c gia \u201cTr\u00ed tu\u1ec7 nh\u00e2n t\u1ea1o, c\u00f4ng ngh\u1ec7 xanh v\u00e0 ph\u00e1t tri\u1ec3n b\u1ec1n v\u1eefng\u201d <\/em><\/strong>t\u1eadp trung v\u00e0o c\u00e1c ch\u1ee7 \u0111\u1ec1 ch\u00ednh sau:<\/p>\n\n\n\n<ul style=\"margin-top:0;padding-top:0;padding-left:var(--wp--preset--spacing--70)\">\n<li>\u1ee8ng d\u1ee5ng tr\u00ed tu\u1ec7 nh\u00e2n t\u1ea1o (AI) trong t\u1ef1 \u0111\u1ed9ng h\u00f3a, robot c\u00f4ng nghi\u1ec7p, k\u1ef9 thu\u1eadt \u0111i\u1ec1u khi\u1ec3n v\u00e0 gi\u00e1m s\u00e1t th\u00f4ng minh.<\/li>\n\n\n\n<li>Ph\u00e1t tri\u1ec3n c\u00e1c m\u00f4 h\u00ecnh h\u1ecdc m\u00e1y (machine learning), h\u1ecdc s\u00e2u (deep learning) ph\u1ee5c v\u1ee5 ph\u00e2n t\u00edch d\u1eef li\u1ec7u l\u1edbn (big data) v\u00e0 t\u1ed1i \u01b0u h\u00f3a quy tr\u00ecnh s\u1ea3n xu\u1ea5t.<\/li>\n\n\n\n<li>C\u00f4ng ngh\u1ec7 xanh trong c\u00e1c l\u0129nh v\u1ef1c c\u00f4ng nghi\u1ec7p, n\u00f4ng nghi\u1ec7p, x\u00e2y d\u1ef1ng v\u00e0 \u0111\u00f4 th\u1ecb th\u00f4ng minh.<\/li>\n\n\n\n<li>Gi\u1ea3i ph\u00e1p ti\u1ebft ki\u1ec7m n\u0103ng l\u01b0\u1ee3ng, gi\u1ea3m ph\u00e1t th\u1ea3i kh\u00ed nh\u00e0 k\u00ednh v\u00e0 th\u00edch \u1ee9ng bi\u1ebfn \u0111\u1ed5i kh\u00ed h\u1eadu.<\/li>\n\n\n\n<li>H\u1ec7 th\u1ed1ng n\u0103ng l\u01b0\u1ee3ng t\u00e1i t\u1ea1o, t\u00edch h\u1ee3p l\u01b0\u1edbi \u0111i\u1ec7n th\u00f4ng minh, l\u01b0u tr\u1eef v\u00e0 s\u1eed d\u1ee5ng n\u0103ng l\u01b0\u1ee3ng b\u1ec1n v\u1eefng.<\/li>\n\n\n\n<li>Chuy\u1ec3n \u0111\u1ed5i s\u1ed1, Internet v\u1ea1n v\u1eadt (IoT) v\u00e0 d\u1eef li\u1ec7u l\u1edbn trong qu\u1ea3n l\u00fd, s\u1ea3n xu\u1ea5t v\u00e0 d\u1ecbch v\u1ee5.<\/li>\n\n\n\n<li>V\u1eadt li\u1ec7u b\u00ea t\u00f4ng xanh v\u00e0 c\u00e1c gi\u1ea3i ph\u00e1p x\u00e2y d\u1ef1ng b\u1ec1n v\u1eefng.<\/li>\n\n\n\n<li>Nghi\u00ean c\u1ee9u li\u00ean ng\u00e0nh k\u1ebft h\u1ee3p AI, c\u00f4ng ngh\u1ec7 sinh h\u1ecdc, c\u00f4ng ngh\u1ec7 v\u1eadt li\u1ec7u m\u1edbi ph\u1ee5c v\u1ee5 ph\u00e1t tri\u1ec3n b\u1ec1n v\u1eefng.<\/li>\n\n\n\n<li>Ch\u00ednh s\u00e1ch, m\u00f4 h\u00ecnh qu\u1ea3n l\u00fd v\u00e0 gi\u1ea3i ph\u00e1p t\u0103ng c\u01b0\u1eddng h\u1ee3p t\u00e1c gi\u1eefa vi\u1ec7n \u2013 tr\u01b0\u1eddng \u2013 doanh nghi\u1ec7p \u0111\u1ec3 th\u01b0\u01a1ng m\u1ea1i h\u00f3a s\u1ea3n ph\u1ea9m nghi\u00ean c\u1ee9u.<\/li>\n\n\n\n<li>Ho\u1ea1t \u0111\u1ed9ng \u0111\u1ed5i m\u1edbi s\u00e1ng t\u1ea1o, kh\u1edfi nghi\u1ec7p c\u00f4ng ngh\u1ec7 xanh v\u00e0 AI c\u1ee7a gi\u1ea3ng vi\u00ean, sinh vi\u00ean v\u00e0 doanh nghi\u1ec7p.<\/li>\n<\/ul>\n<\/div>\n<\/div>\n<\/div>\n\n\n\n<div class=\"wp-block-column is-layout-flow wp-block-column-is-layout-flow\" style=\"flex-basis:210px\">\n<p class=\"has-ast-global-color-8-color has-text-color has-link-color has-medium-font-size wp-elements-adea2cbbb6cb8d277f066ed2c69c0589\" style=\"margin-bottom:0\"><strong>T\u1ed4 CH\u1ee8C<\/strong><\/p>\n\n\n\n<div class=\"wp-block-group is-layout-constrained wp-block-group-is-layout-constrained\">\n<figure class=\"wp-block-image aligncenter size-full is-resized\"><a href=\"https:\/\/hueuni.edu.vn\/portal\/vi\/\" target=\"_blank\" rel=\"noreferrer noopener\"><img loading=\"lazy\" decoding=\"async\" width=\"225\" height=\"225\" src=\"https:\/\/huet.hueuni.edu.vn\/AIGTSD2025\/wp-content\/uploads\/2025\/07\/image.png\" alt=\"\" class=\"wp-image-70\" style=\"width:120px\"\/><\/a><\/figure>\n\n\n\n<p class=\"has-text-align-center has-ast-global-color-8-color has-text-color has-link-color wp-elements-226c4b106f857b29d4a3287d999d0972\" style=\"font-size:15px\">\u0110\u1ea1i h\u1ecdc Hu\u1ebf<\/p>\n<\/div>\n\n\n\n<div class=\"wp-block-group is-layout-constrained wp-block-group-is-layout-constrained\">\n<figure class=\"wp-block-image aligncenter size-full is-resized\"><a href=\"https:\/\/huet.hueuni.edu.vn\/\" target=\"_blank\" rel=\"noreferrer noopener\"><img loading=\"lazy\" decoding=\"async\" width=\"300\" height=\"300\" src=\"https:\/\/huet.hueuni.edu.vn\/AIGTSD2025\/wp-content\/uploads\/2025\/07\/huet.png\" alt=\"\" class=\"wp-image-23\" style=\"width:120px\"\/><\/a><\/figure>\n\n\n\n<p class=\"has-text-align-center has-ast-global-color-8-color has-text-color has-link-color wp-elements-17bbf27f63b84f2fc62e056cf59bb900\" style=\"font-size:15px\">Khoa K\u1ef9 thu\u1eadt v\u00e0 C\u00f4ng ngh\u1ec7 \u0110\u1ea1i h\u1ecdc Hu\u1ebf<\/p>\n<\/div>\n<\/div>\n<\/div>\n","protected":false},"excerpt":{"rendered":"<p>T\u00c1C GI\u1ea2 K\u00caU G\u1eccI B\u00c0I B\u00c1O H\u1ed9i th\u1ea3o Khoa h\u1ecdc Qu\u1ed1c gia \u201cTr\u00ed tu\u1ec7 nh\u00e2n t\u1ea1o, C\u00f4ng ngh\u1ec7 xanh v\u00e0 [&hellip;]<\/p>\n","protected":false},"author":1,"featured_media":0,"parent":0,"menu_order":0,"comment_status":"closed","ping_status":"closed","template":"","meta":{"site-sidebar-layout":"default","site-content-layout":"","ast-site-content-layout":"default","site-content-style":"default","site-sidebar-style":"default","ast-global-header-display":"","ast-banner-title-visibility":"","ast-main-header-display":"","ast-hfb-above-header-display":"","ast-hfb-below-header-display":"","ast-hfb-mobile-header-display":"","site-post-title":"disabled","ast-breadcrumbs-content":"","ast-featured-img":"","footer-sml-layout":"","theme-transparent-header-meta":"","adv-header-id-meta":"","stick-header-meta":"","header-above-stick-meta":"","header-main-stick-meta":"","header-below-stick-meta":"","astra-migrate-meta-layouts":"default","ast-page-background-enabled":"default","ast-page-background-meta":{"desktop":{"background-color":"var(--ast-global-color-5)","background-image":"","background-repeat":"repeat","background-position":"center center","background-size":"auto","background-attachment":"scroll","background-type":"","background-media":"","overlay-type":"","overlay-color":"","overlay-opacity":"","overlay-gradient":""},"tablet":{"background-color":"","background-image":"","background-repeat":"repeat","background-position":"center center","background-size":"auto","background-attachment":"scroll","background-type":"","background-media":"","overlay-type":"","overlay-color":"","overlay-opacity":"","overlay-gradient":""},"mobile":{"background-color":"","background-image":"","background-repeat":"repeat","background-position":"center center","background-size":"auto","background-attachment":"scroll","background-type":"","background-media":"","overlay-type":"","overlay-color":"","overlay-opacity":"","overlay-gradient":""}},"ast-content-background-meta":{"desktop":{"background-color":"var(--ast-global-color-4)","background-image":"","background-repeat":"repeat","background-position":"center center","background-size":"auto","background-attachment":"scroll","background-type":"","background-media":"","overlay-type":"","overlay-color":"","overlay-opacity":"","overlay-gradient":""},"tablet":{"background-color":"var(--ast-global-color-4)","background-image":"","background-repeat":"repeat","background-position":"center center","background-size":"auto","background-attachment":"scroll","background-type":"","background-media":"","overlay-type":"","overlay-color":"","overlay-opacity":"","overlay-gradient":""},"mobile":{"background-color":"var(--ast-global-color-4)","background-image":"","background-repeat":"repeat","background-position":"center center","background-size":"auto","background-attachment":"scroll","background-type":"","background-media":"","overlay-type":"","overlay-color":"","overlay-opacity":"","overlay-gradient":""}},"footnotes":""},"_links":{"self":[{"href":"https:\/\/huet.hueuni.edu.vn\/AIGTSD2025\/index.php\/wp-json\/wp\/v2\/pages\/245"}],"collection":[{"href":"https:\/\/huet.hueuni.edu.vn\/AIGTSD2025\/index.php\/wp-json\/wp\/v2\/pages"}],"about":[{"href":"https:\/\/huet.hueuni.edu.vn\/AIGTSD2025\/index.php\/wp-json\/wp\/v2\/types\/page"}],"author":[{"embeddable":true,"href":"https:\/\/huet.hueuni.edu.vn\/AIGTSD2025\/index.php\/wp-json\/wp\/v2\/users\/1"}],"replies":[{"embeddable":true,"href":"https:\/\/huet.hueuni.edu.vn\/AIGTSD2025\/index.php\/wp-json\/wp\/v2\/comments?post=245"}],"version-history":[{"count":52,"href":"https:\/\/huet.hueuni.edu.vn\/AIGTSD2025\/index.php\/wp-json\/wp\/v2\/pages\/245\/revisions"}],"predecessor-version":[{"id":724,"href":"https:\/\/huet.hueuni.edu.vn\/AIGTSD2025\/index.php\/wp-json\/wp\/v2\/pages\/245\/revisions\/724"}],"wp:attachment":[{"href":"https:\/\/huet.hueuni.edu.vn\/AIGTSD2025\/index.php\/wp-json\/wp\/v2\/media?parent=245"}],"curies":[{"name":"wp","href":"https:\/\/api.w.org\/{rel}","templated":true}]}}